/(-2))/k). Calculate x(q).
17
Suppose 3*j - 106 = -j + 5*a, -2*j - 2*a = -44. Let p be j/(-36)*(-57)/(-2). Let w = p + 20. Let l(t) = -10*t**2 + t. Calculate l(w).
-9
Suppose 0 = -v + 4*r - 1, -r + 3*r = 4. Let g(k) = -7*k - k**2 + 21*k - 8*k + 3. What is g(v)?
-4
Let v(q) = q**3 - 6*q**2 + 7*q - 6. Suppose -2*h + 87 + 16 = -3*c, 4*h + 4*c - 196 = 0. Suppose 0 = b - h + 45. What is v(b)?
4
Let o(s) be the third derivative of 0*s - 1/2*s**3 + 1/15*s**5 - 5*s**2 + 0 - 1/120*s**6 - 1/8*s**4. Let b = -42 + 45. Give o(b).
-3
Let b be (115/10)/((-1)/(-2)). Suppose -b*v + 28*v + 5 = 0. Let c(w) = 12*w**2 + w. Calculate c(v).
11
Let n(g) be the second derivative of -g**4/6 + g**3/3 - g**2 + 2*g + 30. Determine n(2).
-6
Let s(v) be the first derivative of v**4/4 + 5*v**3/3 + v**2/2 - v - 11. Let m(r) = 6*r**3 + 26*r**2 + 4*r - 5. Let f(p) = -2*m(p) + 11*s(p). Calculate f(3).
8
Let q = 11 - 11. Let a = 4 + q. Suppose -a*i = 5*j - i - 5, -3*j - 31 = -5*i. Let h(f) = -f**3 + 2*f**2 + 3*f + 3. What is h(j)?
13
Let m = 13 - 11. Let b(y) = 5 - 34*y + y**2 - m*y**2 - 1 + 29*y. Let j(d) = -4*d**3 + d**2 - 2*d + 1. Let r be j(1). What is b(r)?
8
Let u(x) be the first derivative of x**4/4 + 8*x**3/3 - 2*x**2 - 4*x + 64. Calculate u(-9).
-49
Let l(w) be the third derivative of w**6/120 - w**5/10 + 5*w**4/24 + w**3 + 50*w**2. Calculate l(5).
6
Let f(o) = 0*o**2 - o**2 - 2 + 3*o**2. Let x = -176 - -162. Let l be 2/(-2) + x/2 + 6. Determine f(l).
6
Let x(j) be the second derivative of -j**4/24 + j**3/6 - 3*j**2/2 + j. Let c(v) be the first derivative of x(v). Calculate c(-5).
6
Let n be 0 + (2 + -9 - -2). Let b = n + 23. Let q = b - 13. Let h(c) = -c**2 + 4*c + 2. Calculate h(q).
-3
Let x(p) = -4*p**3 - 8*p**2 + 4*p - 1. Let b(f) = -3*f**3 - 7*f**2 + 3*f - 2. Let h(l) = -3*b(l) + 2*x(l). Determine h(-5).
9
Let g(o) = -5*o**3 - 2*o**2 + o - 3. Let p(s) = -11*s**3 - 4*s**2 + 3*s - 7. Let y(m) = -7*g(m) + 3*p(m). What is y(-2)?
-12
Let p(t) = 17*t**2 + t. Let l(z) = -1. Let w(b) = b - 2. Let m(r) = l(r) + w(r). Let y be m(2). What is p(y)?
16
Let j(b) = 2*b**2 + b. Let z(o) = 22 - 4*o - 4*o + o**2 - 11. Let k be z(6). What is j(k)?
1
Let b(k) = k**3 - 7*k**2 + 11*k + 1. Suppose -13*q = -39*q + 130. Give b(q).
6
Suppose 0 = -21*m + 17*m + 300. Let x = m - 69. Let g(o) = o**2 - 7*o. What is g(x)?
-6
Let w(t) be the third derivative of -t**6/120 - t**5/15 + t**4/4 + 7*t**3/6 + 3*t**2. Suppose 3*a - 43 = 2. Suppose a = 5*f - 8*f. What is w(f)?
2
Let q be ((-11)/88 - (-2)/16)/(-1). Let n(y) be the third derivative of 4/3*y**3 - 4*y**2 + 1/24*y**4 + 0*y + q. Determine n(-4).
4
Suppose 2*z + 0*o - 3 = o, -3*o - 20 = 5*z. Let m(w) be the third derivative of w**6/40 - w**5/60 - w**4/12 - w**3/6 - 2*w**2 + 2*w. Calculate m(z).
-3
Suppose 0*k = -2*k - 4. Let w(j) = -3*j**2 - 2*j - 3. Calculate w(k).
-11
Let w(s) = -s**3 - 4*s**2 - s - 5. Let z(o) = -3*o**3 + 3*o - 4*o - 11 - 14*o**2 + 5*o**2. Let g(i) = -5*w(i) + 2*z(i). Give g(3).
3
Let x(r) = r**2 - 18*r - 1. Let i be x(18). Let g(o) be the second derivative of -2*o**5/5 + o**3/3 + o**2/2 + 9*o. Give g(i).
7
Let z(w) = w**2 - 6*w. Let y = -83 - -89. Suppose 0 = 2*d + 5*n - 4, -4*d + 3*n = -n - 64. Let l = d - y. Calculate z(l).
0
Let m(n) be the second derivative of n**6/120 + n**5/10 - 3*n**4/8 - n**3/3 - 27*n**2/2 + 27*n. Let b(i) be the first derivative of m(i). Give b(-7).
12
Let k(m) = -3*m**2 - m - 5. Let b(d) = 7*d**2 + 5*d - 6*d + 11 + 4*d - d. Let f(o) = -4*b(o) - 9*k(o). Calculate f(0).
1
Let s(x) = 19 + x + 3 - 5*x + x. Let y be s(7). Let p(q) = -q**3 - q. Calculate p(y).
-2
Let l(j) = j**2 + j - 18. Let a(r) = -r**2 - 3*r + 17. Let o(b) = 2*a(b) + 3*l(b). Determine o(6).
-2
Let g(a) = -18*a - 100. Let c be g(-6). Let d(f) = f**2 - 7*f - 8. Give d(c).
0
Suppose -81*y - 2 = -79*y. Let b(z) = 6*z**2 + 2*z + 2. What is b(y)?
6
Let b = 91 - 86. Let u(o) = -o**3 + 5*o**2 - o - 6. What is u(b)?
-11
Let f(t) = 7*t - 12. Let u(h) = 10*h - 12. Let g(k) = -5*f(k) + 4*u(k). Determine g(-5).
-13
Let y(h) = 6*h - 3 - h**2 - 2 + 2. Let r be (-36)/(72/8)*(-5 + 4). Give y(r).
5
Let v be ((-2)/(2*2))/(10/60). Let d(t) = 3 - 2*t**2 - t**3 - 9 + 4 - t. Determine d(v).
10
Let h(y) = 4*y + 27. Suppose 43 = 24*d + 235. Calculate h(d).
-5
Let t(o) = 2*o + 10. Suppose -d + 1 = 0, 5*d - 20 - 6 = 3*h. Determine t(h).
-4
Let h(v) = -5*v**3 + 7*v**2 + 4*v - 11. Let c(o) = 4*o**3 - 7*o**2 - 3*o + 10. Let s(y) = -4*c(y) - 3*h(y). What is s(7)?
-7
Let k = 33 + -33. Let r(o) be the third derivative of 0*o**3 + o**2 + 0 + 0*o - 1/24*o**4 + 1/60*o**5 - 1/120*o**6. Determine r(k).
0
Let r = -2 - -1. Let q be -5 + 3/3*r. Let m be 1/(-2 - 15/q). Let y(d) = -d**3 + d**2 + 2*d. What is y(m)?
0
Suppose -n + 15 = -d, -3*d + 5*n - 49 = 6. Let r(y) = -y**2 - 8*y + 16. Give r(d).
-4
Let q(f) = -7 - 3*f + 12 + 8 + 4*f. Let j be q(-8). Let t(z) be the second derivative of z**3/6 - 3*z**2/2 - 285*z. What is t(j)?
2
Let r(p) = 127*p + 2 - 235*p + 106*p + p**2. Let d be 3/4*-2*-2. Determine r(d).
5
Let m(x) = 5*x**2 + 4*x + 4. Let g(q) = q**2 - q + 2. Let n(k) = -6*g(k) + m(k). What is n(8)?
8
Let x(s) = s**3 - 8*s**2 - 21*s + 22. Let g = 3026 - 3016. Determine x(g).
12
Suppose -4*r + 12 - 40 = 0. Let u(x) be the second derivative of x**4/12 + 4*x**3/3 + 2*x**2 + 6834*x. Calculate u(r).
-3
Let h be (-1)/(-3) + 250/15 + -2. Let k(b) = 10 + 0 - 3 + 2*b. Let a(f) = f + 3. Let o(j) = h*a(j) - 6*k(j). Calculate o(-2).
-3
Let a(j) = -2*j**2 + 4*j + 1. Let q(m) = -m**3 - 6*m**2 + 13*m + 4. Let o = 18 - 16. Let v(z) = o*q(z) - 7*a(z). Determine v(2).
-11
Let c(d) = 4*d**2 + 5*d + 6. Let w(n) be the third derivative of -n**5/20 - 5*n**4/24 - n**3 - 16*n**2. Let l(o) = -4*c(o) - 5*w(o). Calculate l(6).
0
Suppose -i - 5*z + 6 = -4, -4*z + 7 = i. Let r(p) = -55*p**2 - 10*p + 13. Let y(m) = -92*m**2 - 18*m + 24. Let h(n) = 5*r(n) - 3*y(n). Calculate h(i).
-2
Suppose -7 = -3*h + 8. Suppose -2*r - 27 = -h*r. Suppose -5*s - 20 - 13 = -3*l, -3*s + r = 3*l. Let t(j) = -2*j + 6. Calculate t(l).
-6
Let c(i) = -i**2 - 6. Let g = -6 - -22. Let u be 1/(0 + (-2)/g). Let v be (-2)/9 - u/36. Calculate c(v).
-6
Let q = -636 + 636. Let k(s) be the third derivative of -2*s**2 - 1/3*s**3 + 0 + 1/12*s**4 + q*s. Give k(-2).
-6
Let s = 64 + -38. Let h(x) = -s*x + 21*x - 2*x**2 + x**2. Suppose 4*y + 6*g - 4*g = -24, -y + g - 6 = 0. Calculate h(y).
-6
Let o be 29/4 + (-13)/52. Let r(a) = -2*a**2 + 10*a + 16. Let n(g) = -3*g**2 + 15*g + 24. Let v(h) = -5*n(h) + 7*r(h). What is v(o)?
6
Let d(z) = -3*z + 4. Let c be d(0). Let h(s) = -s + c*s**3 - 5*s**3 - 6 - 9*s**2 - 8*s. Determine h(-8).
2
Let y(i) = i**2 + 13*i - 3. Let g(k) = -k**2 - 3*k - 2. Let f(l) = -2*g(l) - y(l). Determine f(5).
-3
Let i(t) be the second derivative of t**4/12 - 7*t**3/6 + 5*t**2/2 + t. Let p = 26 + -32. Let s = -2 - p. Determine i(s).
-7
Let v(x) = 5*x**3 + 38*x**2 - 38*x + 30. Let u(p) = 6*p**3 + 39*p**2 - 39*p + 29. Let w(y) = -4*u(y) + 5*v(y). What is w(-35)?
-1
Let o(v) be the third derivative of v**8/6720 - v**7/420 + v**6/240 + v**5/40 - 7*v**4/12 - 3*v**2. Let q(y) be the second derivative of o(y). Determine q(5).
-7
Let u(q) = q**3 - 3*q - 136*q**2 + 2 - 7 - 2*q**3 + 143*q**2. Let f be (11/(-22))/((-1)/14). Suppose -d - 1 = -f. Give u(d).
13
Let k(f) = -f**3 + 7*f**2 + 8*f + 4. Let l be 7 - (3/21 - 120/105). Calculate k(l).
4
Let n(t) be the first derivative of 9*t - 1/2*t**2 - 1/3*t**3 + 19. Determine n(0).
9
Let r(f) = -1. Let k(d) = -d**3 + 11*d**2 + 15*d - 20. Let x(w) = k(w) - 2*r(w). Determine x(12).
18
Let h = -153 + 135. Let t be 12*12/h - -5. Let a(o) = -o**3 - 4*o**2 - 3*o - 1. Calculate a(t).
-1
Suppose -3*j + 4*j + 12 = 4*a, -4*a = -4*j - 24. Let t(o) = 0*o - o + 4*o**a - 1 - o**3 + 3. Suppose -4*h = -l + 22, 0 = 2*l + 4*h + 34 - 18. Calculate t(l).
8
Let a(l) = -3*l**3 - 2*l**2 + 5*l + 6. Let q be 11/11 + 0/2. Let p(v) = -v**3 - v - 1. Let k(s) = q*a(s) + 6*p(s). Give k(-1).
8
Suppose -9*f - 5 = -8*f. Let q(l) be the third derivative of l**6/120 + l**5/15 - l**4/6 - l**3/6 - 8*l**2 + 4. What is q(f)?
-6
Suppose 2*v + 2 + 4 = 0. Let s(q) be the second derivative of 0 + 1/3*q**3 + 1/2*q**2 - 1/20*q**5 - 8*q - 1/12*q**4. What is s(v)?
13
Let a(g) = -7*g - 5. Let m(c) = 16*c + 11. Let l(q) = 7*a(q) + 3*m